6*b - 6. Calculate j(-5).
14
Let m(n) = -6*n**3 - 241*n**2 + 118*n + 6088. Calculate m(-40).
-232
Let s(r) = r**3 + 38*r**2 + 173*r - 512. What is s(-31)?
852
Let k(t) = -6*t**2 - 6264*t + 140680. Determine k(22).
-32
Let y(p) = 278*p - 20345. Give y(68).
-1441
Let h(l) = -10*l**3 - 489*l**2 - 2570*l - 16. Give h(-6).
-40
Let w(q) = -884*q - 28682. Give w(-34).
1374
Let u(m) = 33*m**2 - 376*m + 923. Calculate u(4).
-53
Let j(p) = p**3 - 312*p**2 + 635*p - 3881. Calculate j(310).
769
Let f(l) = 3494*l**2 - 653368*l - 1877. What is f(187)?
-7
Let y(g) = -95518*g - 1528285. Give y(-16).
3
Let m(c) = 14*c**2 - 288*c + 999. What is m(4)?
71
Let w(z) = 3*z**3 - 570*z**2 - 9891*z - 28. What is w(-16)?
20
Let z(x) = 40*x**2 + 341*x - 1259. Give z(4).
745
Let k(t) = 31014*t - 284. Give k(0).
-284
Let n(z) = 2*z**2 + 5525*z - 16605. Calculate n(3).
-12
Let h(z) = -1410*z + 2807. Calculate h(3).
-1423
Let a(d) = 2*d**3 - 116*d**2 - 2438*d - 1112. Determine a(-16).
8
Let m(p) = -p**2 + 1289*p - 30849. Determine m(24).
-489
Let f(q) = -8*q**3 - 130*q**2 - 132*q - 85. What is f(-16)?
1515
Let w(a) = a**3 + 19*a**2 - 155*a - 226. Calculate w(-24).
614
Let t(q) = -q**3 - 60*q**2 - 2648*q - 293664. Determine t(-76).
0
Let d(p) = -25809*p - 21911831. Calculate d(-849).
10
Let h(c) = -14*c**3 + 227*c**2 + 239*c + 120. What is h(17)?
1004
Let k(u) = -17185*u - 154647. Give k(-9).
18
Let c(f) = f**3 + 53*f**2 - 138*f - 4406. Determine c(-54).
130
Let d(m) = -37955*m - 75847. Determine d(-2).
63
Let g(h) = -h**2 + 79*h + 1178. Determine g(94).
-232
Let z(k) = 6*k**3 + 602*k**2 + 261*k + 6132. What is z(-100)?
32
Let q(r) = r**3 - 17*r**2 - 386*r + 869. Determine q(29).
-233
Let w(i) = -3*i + 245. What is w(17)?
194
Let k(q) = 6384*q - 51030. Give k(8).
42
Let i(b) = b**3 - b**2 - 63*b + 32. Calculate i(-9).
-211
Let t(b) = 214*b - 36252. Give t(169).
-86
Let i(v) = -v**3 + 298*v**2 - 12642*v + 2292. Calculate i(51).
-3
Let g(i) = 470454*i - 2822725. Calculate g(6).
-1
Let h(a) = -a**3 + 26*a**2 - 198*a + 459. Determine h(5).
-6
Let w(n) = -n**2 + 58*n + 126223. What is w(-327)?
328
Let h(z) = 2827*z - 559749. What is h(198)?
-3
Let s(f) = 3*f**2 - 73*f - 2794. Determine s(-22).
264
Let d(f) = 3*f**2 - 313*f + 366. What is d(111)?
2586
Let i(h) = -46217*h + 323868. Calculate i(7).
349
Let n(k) = -730*k**2 - 1195*k - 1206. Determine n(-1).
-741
Let g(h) = h**3 - 150*h**2 + 5254*h - 514. Calculate g(55).
1081
Let s(w) = -23*w**2 - 560*w - 128. Determine s(-25).
-503
Let n(p) = 508897*p - 5088971. Give n(10).
-1
Let d(a) = 11050*a + 40507. Determine d(-4).
-3693
Let t(w) = 23*w**2 - 295*w - 13. Give t(10).
-663
Let k(d) = -476*d + 439. Determine k(3).
-989
Let o(h) = 12*h**3 - 493*h**2 - 6*h + 814. Give o(41).
-1113
Let v(w) = w**3 + 335*w**2 + 3042*w + 35212. Give v(-326).
4
Let v(y) = y**3 + 12*y**2 + 951*y - 961. What is v(1)?
3
Let h(p) = -p**3 + 22*p**2 + 57*p + 298. Determine h(25).
-152
Let v(x) = 1725*x + 113702. Calculate v(-67).
-1873
Let x(n) = 3517*n + 513508. Give x(-146).
26
Let l(p) = -p**3 + 51*p**2 - 521*p - 67. What is l(13)?
-418
Let o(z) = 1377*z + 42691. Calculate o(-31).
4
Let g(d) = 12*d**3 + 28*d**2 + 58*d + 4. What is g(-2)?
-96
Let t(o) = o**3 + 18*o**2 - 1819*o + 1729. Calculate t(34).
-5
Let a(w) = -262342*w - 3410453. Give a(-13).
-7
Let l(k) = -k**3 + 2*k**2 - 68*k + 1163. Give l(9).
-16
Let x(d) = -2*d**2 - 69*d + 223464. Calculate x(-352).
-56
Let t(w) = 15*w**3 - 118*w**2 - 7653*w + 88. Determine t(-19).
12
Let r(i) = 192062*i - 384115. Determine r(2).
9
Let n(i) = i**2 + 727*i - 25161. Give n(33).
-81
Let r(q) = 14*q**2 + 449*q - 2189. Calculate r(5).
406
Let g(z) = 5*z**3 - 54*z**2 + 207*z - 760. What is g(8)?
0
Let i(t) = -187202*t - 9921713. Determine i(-53).
-7
Let p(f) = 25*f**2 - 3083*f - 11691. Calculate p(127).
-7
Let f(z) = 51282*z - 13. Calculate f(0).
-13
Let t(n) = 62*n**3 - 81*n**2 + 248*n + 14. Give t(3).
1703
Let y(m) = 3*m**2 + 983*m - 129564. Calculate y(101).
322
Let y(q) = -9238*q + 554369. Give y(60).
89
Let m(j) = -1524*j + 62571. Give m(41).
87
Let g(h) = -h**3 - 369*h**2 - 31690*h - 436. What is g(-233)?
30
Let w(d) = -3*d**2 - 151*d - 237. Determine w(-45).
483
Let w(u) = -2115*u + 5056. What is w(2)?
826
Let v(u) = -130*u - 7435. Calculate v(-58).
105
Let l(h) = -15*h**3 + 23*h**2 - 13*h - 70. What is l(-5)?
2445
Let g(m) = 15365*m - 92121. Determine g(6).
69
Let b(a) = 33809*a + 67623. Give b(-2).
5
Let y(v) = 3*v**2 - 558*v - 41547. Determine y(243).
6
Let o(h) = 9462*h - 83551. Determine o(9).
1607
Let m(c) = -4*c**3 + 51*c**2 + 65*c - 607. What is m(11)?
955
Let x(l) = l**3 - 50*l**2 - 162*l + 12004. Give x(48).
-380
Let p(z) = -z**2 + 301*z - 20241. Determine p(100).
-141
Let l(b) = -184*b + 4997. Determine l(22).
949
Let t(v) = 2*v**3 - 127*v**2 + 6*v - 52789. Calculate t(69).
-4
Let v(i) = 11075*i + 675593. Calculate v(-61).
18
Let q(z) = 119*z**2 - 1434*z + 67. Calculate q(12).
-5
Let u(p) = 43*p**2 - 1412*p - 216. Give u(33).
15
Let u(f) = -f**3 - 13*f**2 + 6299*f + 44347. Give u(-7).
-40
Let j(u) = -15*u**2 - 438*u + 109. Give j(-35).
-2936
Let z(a) = -a**3 + 50*a**2 - 326*a + 11131. Calculate z(48).
91
Let b(u) = 7*u**2 + 4041*u - 1622643. Determine b(-850).
7
Let y(o) = -o**3 + 15*o**2 + 14*o - 20. Give y(0).
-20
Let s(y) = 2401396*y + 2401390. What is s(-1)?
-6
Let f(w) = 41*w - 4423. Give f(67).
-1676
Let b(c) = -863*c + 111069. Calculate b(129).
-258
Let c(r) = -r**3 - 11*r**2 - 9*r - 214. Give c(-15).
821
Let u(o) = -7*o**2 - 761*o - 20039. Calculate u(-44).
-107
Let m(z) = z**2 - 939*z - 245416. Give m(-213).
-40
Let t(r) = 35*r**2 - 5144*r - 203. Calculate t(147).
-56
Let k(s) = -s**2 - 68*s + 106904. Give k(295).
-181
Let i(o) = -28833*o - 29438487. Give i(-1021).
6
Let q(z) = 4*z**3 - 39*z + 648. Give q(8).
2384
Let y(t) = -1911*t**2 + 150847*t + 9633. Give y(79).
-5
Let a(z) = -z**2 + 1934*z + 186457. Give a(-92).
65
Let i(g) = -g**3 + 142*g**2 - 205*g + 29014. What is i(142)?
-96
Let m(q) = -11120*q - 222402. Calculate m(-20).
-2
Let o(b) = 96505*b - 7. Calculate o(0).
-7
Let p(k) = k**3 - 196*k**2 - 939*k - 55161. What is p(202)?
-15
Let p(r) = -3*r**3 + 33*r**2 + 44*r - 218. What is p(0)?
-218
Let t(j) = 50555*j + 152385. Determine t(-3).
720
Let x(b) = -b**3 - 102*b**2 + 1623*b - 15453. Give x(-117).
-9
Let v(t) = t**3 - 29*t**2 - 18*t + 45. What is v(-2)?
-43
Let a(n) = -n**2 - 81056*n - 3564532. Give a(-44).
-4
Let t(x) = 3152*x + 4240. Calculate t(-3).
-5216
Let f(m) = -2571*m + 2585. Calculate f(1).
14
Let c(n) = -6491*n - 1155409. Give c(-178).
-11
Let u(j) = 11*j**2 + 388*j + 2377. Give u(-6).
445
Let a(t) = -23745*t - 4107887. Calculate a(-173).
-2
Let f(r) = -413827*r + 25243436. Give f(61).
-11
Let g(z) = 25791*z + 11296460. Calculate g(-438).
2
Let c(j) = -17*j**2 + 31*j + 2423. Give c(-11).
25
Let o(y) = 40426*y + 565975. What is o(-14)?
11
Let j(u) = 4229*u + 63810. Give j(-15).
375
Let h(y) = 25478*y - 280265. What is h(11)?
-7
Let u(s) = -s**3 + 7*s**2 + 501*s - 3957. Give u(8).
-13
Let g(f) = -15*f**2 - 317*f + 2097. Calculate g(6).
-345
Let g(m) = -3*m**2 - 7818*m - 147453. What is g(-19)?
6
Let q(s) = s**2 - 72*s - 65. Determine q(76).
239
Let u(r) = 2760*r - 13783. Give u(5).
17
Let m(z) = -6359*z**2 + 19052*z + 81. Give m(3).
6
Let w(d) = -1316*d - 7455. What is w(-6)?
441
Let k(w) = -14099783*w - 28199569. Give k(-2).
-3
Let d(o) = -532*o - 858. Determine d(3).
-2454
Let t(l) = 44*l**3 + 1320*l**2 + 4*l + 67. Give t(-30).
-53
Let s(b) = -2*b**2 + 166534*b - 1332176. What is s(8)?
-32
Let h(w) = -795*w - 68371. Give h(-86).
-1
Let c(f) = 2*f**2 + 5841*f + 127568. Calculate c(-22).
34
Let w(p) = -p**3 - 32*p**2 - 226*p - 4987. Determine w(-30).
-7
Let n(a) = 799096*a + 20776488. What is n(-26)?
-8
Let w(c) = 650*c - 35037. Determine w(58).
2663
Let x(b) = -6*b**2 + 2084*b - 17458. Give x(339).
-508
Let r(h) = -5149*h + 988616. What is r(192)?
8
Let i(x) = -3*x**3 - 21*x**2 - 44*x + 25. Calculate i(-13).
3639
Let j(r) = r**3 + 5*r**2 - 177*r - 1131. Calculate j(-7).
10
Let o(c) = -2*c**3 + 219*c**2 - 563*c + 2996. Give o(107).
0
Let l(x) = 2*x**3 + 302*x**2 - 1221*x + 2952. What is l(-155)?
7
Let f(o) = -1125*o - 1250. Give f(-1).
-125
Let p(l) = 89*l**2 + 3919*l +